0). What is the greatest common factor of j and 70?
35
Suppose -2*l + 280 = 3*r - 587, 867 = 3*r + 4*l. What is the highest common factor of r and 17?
17
Suppose -3*k + 9 = 0, t + 12 = -0*k + 4*k. Let i be (4/(-10))/(-6*(-4)/120). Let d = t - i. Calculate the greatest common factor of 14 and d.
2
Suppose 2*g + 60 = 5*u, -5*g = 2*u - 0*u - 24. Suppose 2*h + 4*c - 28 = 0, 0*c - 38 = -3*h - 2*c. What is the greatest common factor of u and h?
12
Let v be (49/2 - (-2)/4) + 2. Suppose 3*p + 5*r = 121, p = -0*p + r + v. What is the greatest common factor of p and 16?
16
Let l(r) = -8*r + 15. Let a be l(0). What is the highest common divisor of 120 and a?
15
Suppose -1 = -m + 5*j - 13, -j + 2 = 0. Let o be (-10544)/(-96) + m/(-12). What is the highest common divisor of 22 and o?
22
Suppose 27*b = 31*b - 368. Calculate the greatest common divisor of b and 621.
23
Suppose 0 = l + 18 - 68. Calculate the greatest common factor of l and 650.
50
Let i be 6/12 - 22/(-4). Suppose o - i*o = 4*m - 40, 4*m = 20. Let f be 6/o*(59 - 9). Calculate the highest common divisor of 50 and f.
25
Let t be -60*1 + 3 - 4. Suppose -3*m - m + 404 = 0. Let o = m + t. Calculate the highest common divisor of o and 5.
5
Let n(s) = 175*s - 2. Let y be n(1). Suppose -4*k - 2*x = -y - 187, k = -4*x + 83. Let i = -29 + 42. What is the greatest common factor of i and k?
13
Suppose 2*c = -2*c. Suppose c = 2*x + 11 - 81. What is the greatest common factor of 14 and x?
7
Let a(v) = v**2 + 15*v - 10. Let d be a(-14). Let p = d + 24. Suppose 3*n + r + 35 = 118, p = n + 2*r - 36. Calculate the greatest common factor of 52 and n.
26
Let n be (2 - 0)*(-4 + 16 - 0). Calculate the greatest common divisor of 372 and n.
12
Suppose -929 + 979 = 5*a. Suppose -40 = -6*k - 4. Calculate the highest common factor of k and a.
2
Let c(m) = 30*m**2 + 5*m - 7. Let n be c(-3). Suppose 0 = -l + 5*l - n. Calculate the greatest common divisor of 155 and l.
31
Suppose -4*u = -z + 23, -4*z - 4*u = -0*u + 8. Suppose -5*t + 880 = z*t. What is the greatest common factor of t and 10?
10
Let p be (-2 + 1 + -1)*83. Let g = p + 63. Let s = g + 229. Calculate the greatest common factor of s and 14.
14
Let f(t) = t**3 + 6*t**2 + 4*t - 2. Suppose 20 = 2*p - 6*p. Let k be f(p). Let c = 15 + -3. Calculate the greatest common divisor of k and c.
3
Suppose 8*z = -0*z + 32. Suppose 0 = z*f - f - 36. Calculate the highest common divisor of f and 108.
12
Let s be 2/8 + (-159)/(-4). Suppose 216*q + 64*q - 54880 = -112*q. What is the greatest common divisor of s and q?
20
Let a(o) = -2*o - 16. Let v be (10 - 1)*2/6. Suppose 0 = m + v*x + x + 28, -44 = 3*m + 2*x. Let q be a(m). Calculate the greatest common factor of 4 and q.
4
Let a be 28/(-343)*-7 - 2957/(-7). What is the highest common factor of a and 94?
47
Suppose -3*i = -2*h + 72, -2*i + 186 - 44 = 5*h. Suppose 2*q + 477 = 517. Calculate the greatest common factor of q and h.
10
Suppose -60 = -2*i + b, -2*b = b - 12. Let v = 44 - i. Calculate the highest common divisor of 3 and v.
3
Suppose -4*y + 1268 = 5*i, 2*i = -2*y + 525 - 17. What is the highest common factor of i and 36?
36
Suppose 4*w = 3*h + 2*h - 350, 3*h = -3*w + 183. What is the greatest common divisor of 77 and h?
11
Let m(f) = f**2 - 9*f - 6. Let z be m(9). Let k be (z - (2 + -10))/((-4)/(-18)). What is the highest common factor of k and 207?
9
Let y be ((-14)/8)/(2/(-32)). Let o(g) = -g**3 + 32*g**2 + 34*g - 19. Let k be o(33). Calculate the highest common factor of y and k.
14
Let t(d) = 52 - 52 + 12*d. Let o be (-2)/(-3) - (-1)/3. Let k be t(o). What is the greatest common factor of k and 4?
4
Suppose 2*v + l = 24, -3*v + 4*l = -0*v - 25. Suppose b - 4*j = -0*j + 23, 2*b + 5*j = -19. Let i = b - -74. Calculate the greatest common factor of v and i.
11
Suppose -1366*j = -1371*j + 1025. What is the greatest common factor of j and 164?
41
Let c(n) = n**3 + 5*n**2 - 5*n + 8. Let p(i) = -4*i + 70. Let u be p(19). Let k be c(u). Calculate the greatest common factor of k and 3.
1
Let s(d) = -28*d + 1. Let x be s(1). Let t be x/(-36) + 34/8. Suppose 5*l - f = 150, t*l + 0*l - 155 = 2*f. What is the greatest common factor of 203 and l?
29
Suppose -d - m + 106 = -0*m, -3*d + 328 = -2*m. Suppose b - 3*g = 24, 18*g - 68 = -5*b + 20*g. Calculate the greatest common factor of b and d.
12
Let w(h) = 4*h**2 - 3*h**2 - 12*h + 2*h + 5. Let u be w(13). Let g = 122 - 56. What is the highest common factor of g and u?
22
Let y = 55 + -45. Suppose 4*s + 166 = 3*s. Let m be (-8)/(-20) - s/y. What is the greatest common divisor of m and 68?
17
Let p be (-1)/((-8)/434*3/12). Calculate the highest common factor of 7 and p.
7
Suppose 5*j - 26 = -c, -5*c + 9*c - 3*j - 150 = 0. What is the greatest common factor of c and 468?
36
Let z be 1935/55 - (-4)/(-22). Suppose -2*l + 62 = 2*y, 7 + 78 = 3*y + 5*l. Calculate the highest common factor of y and z.
35
Suppose -47 = 4*x - 143. Let b = x + 6. Calculate the greatest common divisor of 90 and b.
30
Let o be (-52 - 1)*(3 - 4)*1. Let k = 63 - o. What is the highest common divisor of 40 and k?
10
Suppose 0*a + 4*a = -232. Let y = a + 90. What is the greatest common factor of 16 and y?
16
Let a = -32 + 24. Let q be 14*2 - (-8 - a). What is the greatest common factor of 112 and q?
28
Let i(q) = -2*q. Let u be i(-1). Suppose 0 = -u*n + 4 + 10. What is the highest common divisor of 63 and n?
7
Let n = 1 + 2. Suppose v + n*u - 390 = 0, v - 4*u + 3*u = 382. Suppose 7*d = 3*d + v. What is the greatest common divisor of 12 and d?
12
Suppose -5*o + 5 = -s - 10, 4*o - 21 = -s. What is the greatest common factor of 52 and o?
4
Let f = -6 + 8. Suppose 3*x - 32 = -f*n - 0*n, -n = -5*x + 62. What is the highest common factor of 108 and x?
12
Let m = -28 - -12. Let r = m + 24. Calculate the greatest common factor of r and 40.
8
Let r be (0 - -1)*-3 - -8. Suppose -3*g + r*g = 0, 3*b - 60 = 3*g. Let f be ((-1)/(6/(-27)) + -4)*10. What is the highest common divisor of f and b?
5
Let l be (3108/56)/((-3)/(-10)). What is the highest common divisor of 37 and l?
37
Suppose 0 = 3*i + v - 266, -3*i + 5*v = -7*i + 340. Calculate the highest common divisor of 540 and i.
90
Suppose 2*x - 891 = -5*z + 26, 2*z - 3*x - 382 = 0. Suppose 0*o + z = 5*o. Calculate the highest common factor of 74 and o.
37
Let w(x) = -3*x**3 + 8*x**2 + 2*x + 43. Let j be w(-8). What is the highest common divisor of j and 25?
25
Suppose l + 4*c = 103, 8*l - 5*l + 4*c = 341. Calculate the highest common divisor of l and 21.
7
Suppose -12 = -3*c - 3*i, 4*c + 8*i - 17 = 3*i. Suppose g + 25 - 6 = c*k, -k + 2*g - 2 = 0. Calculate the highest common factor of 56 and k.
8
Let f be (-288)/40*(-110)/3. Let u be ((-36)/8)/((-9)/f). Let b = u - 44. Calculate the greatest common factor of b and 11.
11
Suppose -a - 2*b = 2, 36 = -0*a + 2*a - 4*b. Suppose 0 = -3*z - 1 - 11, 2*r + 8 = -3*z. Suppose r*u - 39 = 105. What is the greatest common divisor of u and a?
8
Let z = 4 + -14. Let c be (15/z)/(3/(-20)). What is the greatest common divisor of c and 110?
10
Suppose 3*a - 640 = -5*a. Calculate the highest common divisor of a and 32.
16
Let g be (48/(-15))/(5/(-25)*2). Calculate the highest common factor of g and 296.
8
Suppose -v + 21 = 2*g - 3, 5*g = 0. Calculate the greatest common divisor of v and 1032.
24
Let f(t) be the third derivative of -3*t**4/8 - t**3/2 + t**2. Let v be f(-3). Suppose 5*y - 71 = v. Calculate the greatest common factor of y and 19.
19
Suppose 2*u = -2*q + 124, 4*q - 5*u - 293 + 36 = 0. Let k = q - 35. What is the highest common divisor of 14 and k?
14
Suppose -1248 = -32*f + 1664. Calculate the greatest common factor of 39 and f.
13
Let s(c) = 11*c**2 - 4*c - 5. Let t be s(-4). Let l be 4/(-10) - t/(-55). Calculate the greatest common factor of 27 and l.
3
Let u(x) = -3*x - 9. Let k be u(-4). Let c be 3 - (0/k - 1). Suppose -4*z + 21 = z - c*g, 0 = 5*z + 3*g - 28. Calculate the greatest common divisor of z and 20.
5
Let f be -8 - (-55)/(-15)*-9. Calculate the greatest common divisor of 75 and f.
25
Suppose 4 = 3*d + 1. Let w(t) = 31*t + 1. Let x be w(d). Let n be 140/(-3)*(-120)/25. Calculate the highest common factor of x and n.
32
Let v(f) = 2*f + 10. Suppose 0*t + 7 = -t. Let k be v(t). Let n = -2 - k. What is the greatest comm